{"id":176,"date":"2018-07-16T22:59:04","date_gmt":"2018-07-17T01:59:04","guid":{"rendered":"https:\/\/www.robertonovaes.com.br\/?page_id=176"},"modified":"2020-09-13T19:47:11","modified_gmt":"2020-09-13T22:47:11","slug":"instituicoes-de-direito-romano","status":"publish","type":"page","link":"https:\/\/www.robertonovaes.com.br\/index.php\/instituicoes-de-direito-romano\/","title":{"rendered":"Institui\u00e7\u00f5es de Direito Romano"},"content":{"rendered":"<h3>Hor\u00e1rio e local de realiza\u00e7\u00e3o das aulas<\/h3>\n<p>As aulas ser\u00e3o realizadas \u00e0s <strong>ter\u00e7as-feiras<\/strong>, em 4 turmas, nos turnos da manh\u00e3 (7:30-9:10 e 9:30-11:10) e noite (19:00-20:40 e 20:50-22:30), na Faculdade de Direito da UFMG. Av. Jo\u00e3o Pinheiro, 100 &#8211; Centro &#8211; BH\/MG<\/p>\n\n\n<h2 class=\"wp-block-heading\">Regras do Semestre<\/h2>\n\n\n\n<p class=\"wp-block-paragraph\"><a href=\"https:\/\/www.robertonovaes.com.br\/index.php\/2020\/03\/02\/regras-do-semestre\/\" target=\"_blank\" rel=\"noreferrer noopener\">Acesse aqui.<\/a><\/p>\n\n\n\n<figure class=\"wp-block-embed-wordpress wp-block-embed is-type-wp-embed is-provider-roberto-vasconcelos-novaes\"><div class=\"wp-block-embed__wrapper\">\n<blockquote class=\"wp-embedded-content\" data-secret=\"ffW9IsiBbZ\"><a href=\"https:\/\/www.robertonovaes.com.br\/index.php\/2018\/07\/17\/conteudo-programatico-instituicoes-de-direito-romano\/\">Conte\u00fado Program\u00e1tico &#8211; Institui\u00e7\u00f5es de Direito Romano<\/a><\/blockquote><iframe loading=\"lazy\" class=\"wp-embedded-content\" sandbox=\"allow-scripts\" security=\"restricted\" style=\"position: absolute; clip: rect(1px, 1px, 1px, 1px);\" title=\"&#8220;Conte\u00fado Program\u00e1tico &#8211; Institui\u00e7\u00f5es de Direito Romano&#8221; &#8212; Roberto Vasconcelos Novaes\" src=\"https:\/\/www.robertonovaes.com.br\/index.php\/2018\/07\/17\/conteudo-programatico-instituicoes-de-direito-romano\/embed\/#?secret=v6hl1aTbrC#?secret=ffW9IsiBbZ\" data-secret=\"ffW9IsiBbZ\" width=\"500\" height=\"282\" frameborder=\"0\" marginwidth=\"0\" marginheight=\"0\" scrolling=\"no\"><\/iframe>\n<\/div><\/figure>\n\n\n\n<figure class=\"wp-block-embed-wordpress wp-block-embed is-type-wp-embed is-provider-roberto-vasconcelos-novaes\"><div class=\"wp-block-embed__wrapper\">\n<blockquote class=\"wp-embedded-content\" data-secret=\"zPGgHqACmz\"><a href=\"https:\/\/www.robertonovaes.com.br\/index.php\/2018\/07\/15\/materiais-e-links-instituicoes-de-direito-romano\/\">Materiais e Links &#8211; Institui\u00e7\u00f5es de Direito Romano<\/a><\/blockquote><iframe loading=\"lazy\" class=\"wp-embedded-content\" sandbox=\"allow-scripts\" security=\"restricted\" style=\"position: absolute; clip: rect(1px, 1px, 1px, 1px);\" title=\"&#8220;Materiais e Links &#8211; Institui\u00e7\u00f5es de Direito Romano&#8221; &#8212; Roberto Vasconcelos Novaes\" src=\"https:\/\/www.robertonovaes.com.br\/index.php\/2018\/07\/15\/materiais-e-links-instituicoes-de-direito-romano\/embed\/#?secret=cWcx4cjZf9#?secret=zPGgHqACmz\" data-secret=\"zPGgHqACmz\" width=\"500\" height=\"282\" frameborder=\"0\" marginwidth=\"0\" marginheight=\"0\" scrolling=\"no\"><\/iframe>\n<\/div><\/figure>\n\n\n\n<figure class=\"wp-block-embed-wordpress wp-block-embed is-type-wp-embed is-provider-roberto-vasconcelos-novaes\"><div class=\"wp-block-embed__wrapper\">\n<blockquote class=\"wp-embedded-content\" data-secret=\"gB0yC1kQvm\"><a href=\"https:\/\/www.robertonovaes.com.br\/index.php\/2020\/07\/26\/calendario-de-aulas-2020-01-ensino-remoto-emergencial-instituicoes-de-direito-romano\/\">Calend\u00e1rio de Aulas &#8211; 2020\/01 &#8211; Ensino Remoto Emergencial &#8211; Institui\u00e7\u00f5es de Direito Romano<\/a><\/blockquote><iframe loading=\"lazy\" class=\"wp-embedded-content\" sandbox=\"allow-scripts\" security=\"restricted\" style=\"position: absolute; clip: rect(1px, 1px, 1px, 1px);\" title=\"&#8220;Calend\u00e1rio de Aulas &#8211; 2020\/01 &#8211; Ensino Remoto Emergencial &#8211; Institui\u00e7\u00f5es de Direito Romano&#8221; &#8212; Roberto Vasconcelos Novaes\" src=\"https:\/\/www.robertonovaes.com.br\/index.php\/2020\/07\/26\/calendario-de-aulas-2020-01-ensino-remoto-emergencial-instituicoes-de-direito-romano\/embed\/#?secret=EQFLmM88zF#?secret=gB0yC1kQvm\" data-secret=\"gB0yC1kQvm\" width=\"500\" height=\"282\" frameborder=\"0\" marginwidth=\"0\" marginheight=\"0\" scrolling=\"no\"><\/iframe>\n<\/div><\/figure>\n\n\n\n<figure class=\"wp-block-embed-wordpress wp-block-embed is-type-wp-embed is-provider-roberto-vasconcelos-novaes\"><div class=\"wp-block-embed__wrapper\">\n<blockquote class=\"wp-embedded-content\" data-secret=\"F5oq6DtHHG\"><a href=\"https:\/\/www.robertonovaes.com.br\/index.php\/2020\/03\/02\/calendario-de-aulas-2020-01-instituicoes-de-direito-romano\/\">Calend\u00e1rio de Aulas &#8211; 2020\/01 &#8211; Institui\u00e7\u00f5es de Direito Romano<\/a><\/blockquote><iframe loading=\"lazy\" class=\"wp-embedded-content\" sandbox=\"allow-scripts\" security=\"restricted\" style=\"position: absolute; clip: rect(1px, 1px, 1px, 1px);\" title=\"&#8220;Calend\u00e1rio de Aulas &#8211; 2020\/01 &#8211; Institui\u00e7\u00f5es de Direito Romano&#8221; &#8212; Roberto Vasconcelos Novaes\" src=\"https:\/\/www.robertonovaes.com.br\/index.php\/2020\/03\/02\/calendario-de-aulas-2020-01-instituicoes-de-direito-romano\/embed\/#?secret=TMHtGtcWa3#?secret=F5oq6DtHHG\" data-secret=\"F5oq6DtHHG\" width=\"500\" height=\"282\" frameborder=\"0\" marginwidth=\"0\" marginheight=\"0\" scrolling=\"no\"><\/iframe>\n<\/div><\/figure>\n\n\n\n<figure class=\"wp-block-embed-wordpress wp-block-embed is-type-wp-embed is-provider-roberto-vasconcelos-novaes\"><div class=\"wp-block-embed__wrapper\">\n<blockquote class=\"wp-embedded-content\" data-secret=\"50SokDKe8m\"><a href=\"https:\/\/www.robertonovaes.com.br\/index.php\/2019\/08\/02\/calendario-de-aulas-2019-02-instituicoes-de-direito-romano\/\">Calend\u00e1rio de Aulas &#8211; 2019\/02 &#8211; Institui\u00e7\u00f5es de Direito Romano<\/a><\/blockquote><iframe loading=\"lazy\" class=\"wp-embedded-content\" sandbox=\"allow-scripts\" security=\"restricted\" style=\"position: absolute; clip: rect(1px, 1px, 1px, 1px);\" title=\"&#8220;Calend\u00e1rio de Aulas &#8211; 2019\/02 &#8211; Institui\u00e7\u00f5es de Direito Romano&#8221; &#8212; Roberto Vasconcelos Novaes\" src=\"https:\/\/www.robertonovaes.com.br\/index.php\/2019\/08\/02\/calendario-de-aulas-2019-02-instituicoes-de-direito-romano\/embed\/#?secret=nNhC8m1Bfv#?secret=50SokDKe8m\" data-secret=\"50SokDKe8m\" width=\"500\" height=\"282\" frameborder=\"0\" marginwidth=\"0\" marginheight=\"0\" scrolling=\"no\"><\/iframe>\n<\/div><\/figure>\n\n\n\n<figure class=\"wp-block-embed-wordpress wp-block-embed is-type-wp-embed is-provider-roberto-vasconcelos-novaes\"><div class=\"wp-block-embed__wrapper\">\n<blockquote class=\"wp-embedded-content\" data-secret=\"8oXJCOSfcV\"><a href=\"https:\/\/www.robertonovaes.com.br\/index.php\/2019\/02\/18\/calendario-de-aulas-2019-01-instituicoes-de-direito-romano\/\">Calend\u00e1rio de Aulas &#8211; 2019\/01 &#8211; Institui\u00e7\u00f5es de Direito Romano<\/a><\/blockquote><iframe loading=\"lazy\" class=\"wp-embedded-content\" sandbox=\"allow-scripts\" security=\"restricted\" style=\"position: absolute; clip: rect(1px, 1px, 1px, 1px);\" title=\"&#8220;Calend\u00e1rio de Aulas &#8211; 2019\/01 &#8211; Institui\u00e7\u00f5es de Direito Romano&#8221; &#8212; Roberto Vasconcelos Novaes\" src=\"https:\/\/www.robertonovaes.com.br\/index.php\/2019\/02\/18\/calendario-de-aulas-2019-01-instituicoes-de-direito-romano\/embed\/#?secret=s0ZbIk35hB#?secret=8oXJCOSfcV\" data-secret=\"8oXJCOSfcV\" width=\"500\" height=\"282\" frameborder=\"0\" marginwidth=\"0\" marginheight=\"0\" scrolling=\"no\"><\/iframe>\n<\/div><\/figure>\n\n\n\n<figure class=\"wp-block-embed-wordpress wp-block-embed is-type-wp-embed is-provider-roberto-vasconcelos-novaes\"><div class=\"wp-block-embed__wrapper\">\n<blockquote class=\"wp-embedded-content\" data-secret=\"uMTnke4fBu\"><a href=\"https:\/\/www.robertonovaes.com.br\/index.php\/2018\/07\/17\/calendario-de-aulas-2018-02-instituicoes-de-direito-romano\/\">Calend\u00e1rio de Aulas &#8211; 2018\/02 &#8211; Institui\u00e7\u00f5es de Direito Romano<\/a><\/blockquote><iframe loading=\"lazy\" class=\"wp-embedded-content\" sandbox=\"allow-scripts\" security=\"restricted\" style=\"position: absolute; clip: rect(1px, 1px, 1px, 1px);\" title=\"&#8220;Calend\u00e1rio de Aulas &#8211; 2018\/02 &#8211; Institui\u00e7\u00f5es de Direito Romano&#8221; &#8212; Roberto Vasconcelos Novaes\" src=\"https:\/\/www.robertonovaes.com.br\/index.php\/2018\/07\/17\/calendario-de-aulas-2018-02-instituicoes-de-direito-romano\/embed\/#?secret=BPVAFY1rtH#?secret=uMTnke4fBu\" data-secret=\"uMTnke4fBu\" width=\"500\" height=\"282\" frameborder=\"0\" marginwidth=\"0\" marginheight=\"0\" scrolling=\"no\"><\/iframe>\n<\/div><\/figure>\n","protected":false},"excerpt":{"rendered":"<p>Hor\u00e1rio e local de realiza\u00e7\u00e3o das aulas As aulas ser\u00e3o realizadas \u00e0s ter\u00e7as-feiras, em 4 turmas, nos turnos da manh\u00e3 (7:30-9:10 e 9:30-11:10) e noite (19:00-20:40 e 20:50-22:30), na Faculdade de Direito da UFMG. Av. Jo\u00e3o Pinheiro, 100 &#8211; Centro &#8211; BH\/MG Regras do Semestre Acesse aqui.<\/p>\n","protected":false},"author":1,"featured_media":1996,"parent":0,"menu_order":0,"comment_status":"closed","ping_status":"closed","template":"","meta":{"_crdt_document":"","site-sidebar-layout":"default","site-content-layout":"default","ast-site-content-layout":"default","site-content-style":"default","site-sidebar-style":"default","ast-global-header-display":"","ast-banner-title-visibility":"","ast-main-header-display":"","ast-hfb-above-header-display":"","ast-hfb-below-header-display":"","ast-hfb-mobile-header-display":"","site-post-title":"","ast-breadcrumbs-content":"","ast-featured-img":"","footer-sml-layout":"","ast-disable-related-posts":"","theme-transparent-header-meta":"default","adv-header-id-meta":"","stick-header-meta":"","header-above-stick-meta":"","header-main-stick-meta":"","header-below-stick-meta":"","astra-migrate-meta-layouts":"default","ast-page-background-enabled":"default","ast-page-background-meta":{"desktop":{"background-color":"","background-image":"","background-repeat":"repeat","background-position":"center center","background-size":"auto","background-attachment":"scroll","background-type":"","background-media":"","overlay-type":"","overlay-color":"","overlay-opacity":"","overlay-gradient":""},"tablet":{"background-color":"","background-image":"","background-repeat":"repeat","background-position":"center center","background-size":"auto","background-attachment":"scroll","background-type":"","background-media":"","overlay-type":"","overlay-color":"","overlay-opacity":"","overlay-gradient":""},"mobile":{"background-color":"","background-image":"","background-repeat":"repeat","background-position":"center center","background-size":"auto","background-attachment":"scroll","background-type":"","background-media":"","overlay-type":"","overlay-color":"","overlay-opacity":"","overlay-gradient":""}},"ast-content-background-meta":{"desktop":{"background-color":"var(--ast-global-color-5)","background-image":"","background-repeat":"repeat","background-position":"center center","background-size":"auto","background-attachment":"scroll","background-type":"","background-media":"","overlay-type":"","overlay-color":"","overlay-opacity":"","overlay-gradient":""},"tablet":{"background-color":"var(--ast-global-color-5)","background-image":"","background-repeat":"repeat","background-position":"center center","background-size":"auto","background-attachment":"scroll","background-type":"","background-media":"","overlay-type":"","overlay-color":"","overlay-opacity":"","overlay-gradient":""},"mobile":{"background-color":"var(--ast-global-color-5)","background-image":"","background-repeat":"repeat","background-position":"center center","background-size":"auto","background-attachment":"scroll","background-type":"","background-media":"","overlay-type":"","overlay-color":"","overlay-opacity":"","overlay-gradient":""}},"footnotes":""},"class_list":["post-176","page","type-page","status-publish","has-post-thumbnail","hentry"],"_links":{"self":[{"href":"https:\/\/www.robertonovaes.com.br\/index.php\/wp-json\/wp\/v2\/pages\/176","targetHints":{"allow":["GET"]}}],"collection":[{"href":"https:\/\/www.robertonovaes.com.br\/index.php\/wp-json\/wp\/v2\/pages"}],"about":[{"href":"https:\/\/www.robertonovaes.com.br\/index.php\/wp-json\/wp\/v2\/types\/page"}],"author":[{"embeddable":true,"href":"https:\/\/www.robertonovaes.com.br\/index.php\/wp-json\/wp\/v2\/users\/1"}],"replies":[{"embeddable":true,"href":"https:\/\/www.robertonovaes.com.br\/index.php\/wp-json\/wp\/v2\/comments?post=176"}],"version-history":[{"count":23,"href":"https:\/\/www.robertonovaes.com.br\/index.php\/wp-json\/wp\/v2\/pages\/176\/revisions"}],"predecessor-version":[{"id":2291,"href":"https:\/\/www.robertonovaes.com.br\/index.php\/wp-json\/wp\/v2\/pages\/176\/revisions\/2291"}],"wp:featuredmedia":[{"embeddable":true,"href":"https:\/\/www.robertonovaes.com.br\/index.php\/wp-json\/wp\/v2\/media\/1996"}],"wp:attachment":[{"href":"https:\/\/www.robertonovaes.com.br\/index.php\/wp-json\/wp\/v2\/media?parent=176"}],"curies":[{"name":"wp","href":"https:\/\/api.w.org\/{rel}","templated":true}]}}