{"id":3248,"date":"2025-08-07T16:58:45","date_gmt":"2025-08-07T19:58:45","guid":{"rendered":"https:\/\/www.robertonovaes.com.br\/?page_id=3248"},"modified":"2025-08-07T20:38:08","modified_gmt":"2025-08-07T23:38:08","slug":"hino-nacional-carlos-drummond-de-andrade","status":"publish","type":"page","link":"https:\/\/www.robertonovaes.com.br\/index.php\/hino-nacional-carlos-drummond-de-andrade\/","title":{"rendered":"Hino Nacional (Brejo das Almas &#8211; 1934) &#8211; Carlos Drummond de Andrade"},"content":{"rendered":"\n<blockquote class=\"wp-block-quote is-layout-flow wp-block-quote-is-layout-flow\">\n<p class=\"wp-block-paragraph\">Precisamos descobrir o Brasil!<br>Escondido atr\u00e1s as florestas,<br>com a \u00e1gua dos rios no meio,<br>o Brasil est\u00e1 dormindo, coitado.<br>Precisamos colonizar o Brasil.<\/p>\n\n\n\n<p class=\"wp-block-paragraph\">O que faremos importando francesas<br>muito louras, de pele macia,<br>alem\u00e3s gordas, russas nost\u00e1lgicas para<br>gar\u00e7onetes dos restaurantes noturnos.<br>E vir\u00e3o s\u00edrias fidel\u00edssimas.<br>N\u00e3o conv\u00e9m desprezar as japonesas&#8230;<\/p>\n\n\n\n<p class=\"wp-block-paragraph\">Precisamos educar o Brasil.<br>Compraremos professores e livros,<br>assimilaremos finas culturas,<br>abriremos dancings e subvencionaremos as elites.<\/p>\n\n\n\n<p class=\"wp-block-paragraph\">Cada brasileiro ter\u00e1 sua casa<br>com fog\u00e3o e aquecedor el\u00e9tricos, piscina,<br>sal\u00e3o para confer\u00eancias cient\u00edficas.<br>E cuidaremos do Estado T\u00e9cnico.<\/p>\n\n\n\n<p class=\"wp-block-paragraph\">Precisamos louvar o Brasil.<br>N\u00e3o \u00e9 s\u00f3 um pa\u00eds sem igual.<br>Nossas revolu\u00e7\u00f5es s\u00e3o bem maiores<br>do que quaisquer outras; nossos erros tamb\u00e9m.<br>E nossas virtudes? A terra das sublimes paix\u00f5es&#8230;<br>os Amazonas inenarr\u00e1veis&#8230; os incr\u00edveis Jo\u00e3o-Pessoas&#8230;<\/p>\n\n\n\n<p class=\"wp-block-paragraph\">Precisamos adorar o Brasil!<br>Se bem que seja dif\u00edcil compreender o que querem esses homens,<br>por que motivo eles se ajuntaram e qual a raz\u00e3o<br>de seus sofrimentos.<\/p>\n\n\n\n<p class=\"wp-block-paragraph\">Precisamos, precisamos esquecer o Brasil!<br>T\u00e3o majestoso, t\u00e3o sem limites, t\u00e3o despropositado,<br>ele quer repousar de nossos terr\u00edveis carinhos.<br>O Brasil n\u00e3o nos quer! Est\u00e1 farto de n\u00f3s!<br>Nosso Brasil \u00e9 no outro mundo. Este n\u00e3o \u00e9 o Brasil.<br>Nenhum Brasil existe. E acaso existir\u00e3o os brasileiros?<\/p>\n<\/blockquote>\n","protected":false},"excerpt":{"rendered":"<p>Precisamos descobrir o Brasil!Escondido atr\u00e1s as florestas,com a \u00e1gua dos rios no meio,o Brasil est\u00e1 dormindo, coitado.Precisamos colonizar o Brasil. O que faremos importando francesasmuito louras, de pele macia,alem\u00e3s gordas, russas nost\u00e1lgicas paragar\u00e7onetes dos restaurantes noturnos.E vir\u00e3o s\u00edrias fidel\u00edssimas.N\u00e3o conv\u00e9m desprezar as japonesas&#8230; Precisamos educar o Brasil.Compraremos professores e livros,assimilaremos finas culturas,abriremos dancings e subvencionaremos [&hellip;]<\/p>\n","protected":false},"author":1,"featured_media":0,"parent":0,"menu_order":0,"comment_status":"closed","ping_status":"closed","template":"","meta":{"_crdt_document":"","site-sidebar-layout":"default","site-content-layout":"","ast-site-content-layout":"default","site-content-style":"default","site-sidebar-style":"default","ast-global-header-display":"","ast-banner-title-visibility":"","ast-main-header-display":"","ast-hfb-above-header-display":"","ast-hfb-below-header-display":"","ast-hfb-mobile-header-display":"","site-post-title":"","ast-breadcrumbs-content":"","ast-featured-img":"","footer-sml-layout":"","ast-disable-related-posts":"","theme-transparent-header-meta":"","adv-header-id-meta":"","stick-header-meta":"","header-above-stick-meta":"","header-main-stick-meta":"","header-below-stick-meta":"","astra-migrate-meta-layouts":"set","ast-page-background-enabled":"default","ast-page-background-meta":{"desktop":{"background-color":"","background-image":"","background-repeat":"repeat","background-position":"center center","background-size":"auto","background-attachment":"scroll","background-type":"","background-media":"","overlay-type":"","overlay-color":"","overlay-opacity":"","overlay-gradient":""},"tablet":{"background-color":"","background-image":"","background-repeat":"repeat","background-position":"center center","background-size":"auto","background-attachment":"scroll","background-type":"","background-media":"","overlay-type":"","overlay-color":"","overlay-opacity":"","overlay-gradient":""},"mobile":{"background-color":"","background-image":"","background-repeat":"repeat","background-position":"center center","background-size":"auto","background-attachment":"scroll","background-type":"","background-media":"","overlay-type":"","overlay-color":"","overlay-opacity":"","overlay-gradient":""}},"ast-content-background-meta":{"desktop":{"background-color":"var(--ast-global-color-5)","background-image":"","background-repeat":"repeat","background-position":"center center","background-size":"auto","background-attachment":"scroll","background-type":"","background-media":"","overlay-type":"","overlay-color":"","overlay-opacity":"","overlay-gradient":""},"tablet":{"background-color":"var(--ast-global-color-5)","background-image":"","background-repeat":"repeat","background-position":"center center","background-size":"auto","background-attachment":"scroll","background-type":"","background-media":"","overlay-type":"","overlay-color":"","overlay-opacity":"","overlay-gradient":""},"mobile":{"background-color":"var(--ast-global-color-5)","background-image":"","background-repeat":"repeat","background-position":"center center","background-size":"auto","background-attachment":"scroll","background-type":"","background-media":"","overlay-type":"","overlay-color":"","overlay-opacity":"","overlay-gradient":""}},"footnotes":""},"class_list":["post-3248","page","type-page","status-publish","hentry"],"_links":{"self":[{"href":"https:\/\/www.robertonovaes.com.br\/index.php\/wp-json\/wp\/v2\/pages\/3248","targetHints":{"allow":["GET"]}}],"collection":[{"href":"https:\/\/www.robertonovaes.com.br\/index.php\/wp-json\/wp\/v2\/pages"}],"about":[{"href":"https:\/\/www.robertonovaes.com.br\/index.php\/wp-json\/wp\/v2\/types\/page"}],"author":[{"embeddable":true,"href":"https:\/\/www.robertonovaes.com.br\/index.php\/wp-json\/wp\/v2\/users\/1"}],"replies":[{"embeddable":true,"href":"https:\/\/www.robertonovaes.com.br\/index.php\/wp-json\/wp\/v2\/comments?post=3248"}],"version-history":[{"count":2,"href":"https:\/\/www.robertonovaes.com.br\/index.php\/wp-json\/wp\/v2\/pages\/3248\/revisions"}],"predecessor-version":[{"id":3256,"href":"https:\/\/www.robertonovaes.com.br\/index.php\/wp-json\/wp\/v2\/pages\/3248\/revisions\/3256"}],"wp:attachment":[{"href":"https:\/\/www.robertonovaes.com.br\/index.php\/wp-json\/wp\/v2\/media?parent=3248"}],"curies":[{"name":"wp","href":"https:\/\/api.w.org\/{rel}","templated":true}]}}